{"id":1259,"date":"2021-09-21T15:02:05","date_gmt":"2021-09-21T13:02:05","guid":{"rendered":"https:\/\/hugendubel-weltensammler.de\/?page_id=1259"},"modified":"2021-12-20T09:51:29","modified_gmt":"2021-12-20T08:51:29","slug":"ranking","status":"publish","type":"page","link":"https:\/\/hugendubel-weltensammler.de\/?page_id=1259","title":{"rendered":"Ranking"},"content":{"rendered":"<p>[et_pb_section fb_built=&#8220;1&#8243; _builder_version=&#8220;4.4.1&#8243; background_color=&#8220;rgba(0,0,0,0.8)&#8220; max_height=&#8220;300px&#8220; custom_margin=&#8220;0px|0px|0px|0px|false|false&#8220; custom_padding=&#8220;0px|0px|0px|0px|false|false&#8220; saved_tabs=&#8220;all&#8220;][et_pb_row column_structure=&#8220;1_5,3_5,1_5&#8243; _builder_version=&#8220;4.4.1&#8243;][et_pb_column type=&#8220;1_5&#8243; _builder_version=&#8220;4.4.1&#8243;][\/et_pb_column][et_pb_column type=&#8220;3_5&#8243; _builder_version=&#8220;4.4.1&#8243;][et_pb_text _builder_version=&#8220;4.4.1&#8243; text_text_color=&#8220;#ffffff&#8220; header_font=&#8220;|800|||||||&#8220; header_text_color=&#8220;#ffffff&#8220; header_font_size=&#8220;45px&#8220; header_2_font=&#8220;||||||||&#8220; header_2_text_color=&#8220;#e30613&#8243; header_2_font_size=&#8220;45px&#8220; custom_margin=&#8220;20px||-1px||false|false&#8220; custom_padding=&#8220;0px||0px||false|false&#8220;]<\/p>\n<h1 style=\"text-align: center;\">Ranking<\/h1>\n<p>[\/et_pb_text][\/et_pb_column][et_pb_column type=&#8220;1_5&#8243; _builder_version=&#8220;4.4.1&#8243;][\/et_pb_column][\/et_pb_row][\/et_pb_section][et_pb_section fb_built=&#8220;1&#8243; _builder_version=&#8220;4.4.1&#8243; background_image=&#8220;https:\/\/hugendubel-weltensammler.de\/wp-content\/uploads\/2021\/07\/14-Konvertiert-Kopie-scaled.jpg&#8220; min_height=&#8220;1000px&#8220; custom_padding=&#8220;||0px||false|false&#8220;][et_pb_row column_structure=&#8220;1_5,1_5,1_5,1_5,1_5&#8243; _builder_version=&#8220;4.4.1&#8243;][et_pb_column type=&#8220;1_5&#8243; _builder_version=&#8220;4.4.1&#8243;][et_pb_circle_counter title=&#8220;\u00dcber 119 Punkte&#8220; number=&#8220;100&#8243; bar_bg_color=&#8220;#e30613&#8243; _builder_version=&#8220;4.4.1&#8243; background_layout=&#8220;dark&#8220; hover_enabled=&#8220;0&#8243;][\/et_pb_circle_counter][et_pb_text _builder_version=&#8220;4.4.1&#8243; text_text_color=&#8220;#ffffff&#8220;]<\/p>\n<p style=\"text-align: center;\"><strong>Weltensammler<br \/> Pr\u00e4sidentIn<\/strong><\/p>\n<p style=\"text-align: center;\">Die Weltensammler-Zentrale scheint einen neuen\/neue ChefIn zu haben. Respekt!<\/p>\n<p>[\/et_pb_text][\/et_pb_column][et_pb_column type=&#8220;1_5&#8243; _builder_version=&#8220;4.4.1&#8243;][et_pb_circle_counter title=&#8220;119 &#8211; 96 Punkte&#8220; number=&#8220;80&#8243; bar_bg_color=&#8220;#e30613&#8243; _builder_version=&#8220;4.4.1&#8243; background_layout=&#8220;dark&#8220; hover_enabled=&#8220;0&#8243;][\/et_pb_circle_counter][et_pb_text _builder_version=&#8220;4.4.1&#8243; text_text_color=&#8220;#ffffff&#8220;]<\/p>\n<p style=\"text-align: center;\"><strong>Weltensammler<br \/> OberinspektorIn<\/strong><\/p>\n<p style=\"text-align: center;\">Die Weltensammler-Zentrale wird nie wieder ohne dich klar kommen!<\/p>\n<p>[\/et_pb_text][\/et_pb_column][et_pb_column type=&#8220;1_5&#8243; _builder_version=&#8220;4.4.1&#8243;][et_pb_circle_counter title=&#8220;95 &#8211; 72 Punkte&#8220; number=&#8220;60&#8243; bar_bg_color=&#8220;#e30613&#8243; _builder_version=&#8220;4.4.1&#8243; background_layout=&#8220;dark&#8220; hover_enabled=&#8220;0&#8243;][\/et_pb_circle_counter][et_pb_text _builder_version=&#8220;4.4.1&#8243; text_text_color=&#8220;#ffffff&#8220;]<\/p>\n<p style=\"text-align: center;\"><b>Weltensammler<br \/> AgentIn<\/b><\/p>\n<p style=\"text-align: center;\">Du bist ein\/eine guter\/gute AgentIn und wirst noch viele F\u00e4lle erfolgreich l\u00f6sen.<\/p>\n<p>[\/et_pb_text][\/et_pb_column][et_pb_column type=&#8220;1_5&#8243; _builder_version=&#8220;4.4.1&#8243;][et_pb_circle_counter title=&#8220;71 &#8211; 48 Punkte&#8220; number=&#8220;40&#8243; bar_bg_color=&#8220;#e30613&#8243; _builder_version=&#8220;4.4.1&#8243; background_layout=&#8220;dark&#8220; hover_enabled=&#8220;0&#8243;][\/et_pb_circle_counter][et_pb_text _builder_version=&#8220;4.4.1&#8243; text_text_color=&#8220;#ffffff&#8220;]<\/p>\n<p style=\"text-align: center;\"><b>Weltensammler<br \/> StudentIn<\/b><\/p>\n<p style=\"text-align: center;\">Das war keine Glanzleistung, zu einem\/einer erfahrenen AgentIn ist es noch ein weiter Weg.<\/p>\n<p>[\/et_pb_text][\/et_pb_column][et_pb_column type=&#8220;1_5&#8243; _builder_version=&#8220;4.4.1&#8243;][et_pb_circle_counter title=&#8220;48 &#8211; 0 Punkte&#8220; number=&#8220;20&#8243; bar_bg_color=&#8220;#e30613&#8243; _builder_version=&#8220;4.4.1&#8243; background_layout=&#8220;dark&#8220; hover_enabled=&#8220;0&#8243;][\/et_pb_circle_counter][et_pb_text _builder_version=&#8220;4.4.1&#8243; text_text_color=&#8220;#ffffff&#8220;]<\/p>\n<p style=\"text-align: center;\"><b>Weltensammler<br \/> PraktikantIn<\/b><\/p>\n<p style=\"text-align: center;\">Das scheint nicht der richtige Job f\u00fcr dich zu sein. Dein Praktikum ist beendet.<\/p>\n<p>[\/et_pb_text][\/et_pb_column][\/et_pb_row][\/et_pb_section]<\/p>\n","protected":false},"excerpt":{"rendered":"<p>RankingWeltensammler Pr\u00e4sidentIn Die Weltensammler-Zentrale scheint einen neuen\/neue ChefIn zu haben. Respekt!Weltensammler OberinspektorIn Die Weltensammler-Zentrale wird nie wieder ohne dich klar kommen!Weltensammler AgentIn Du bist ein\/eine guter\/gute AgentIn und wirst noch viele F\u00e4lle erfolgreich l\u00f6sen.Weltensammler StudentIn Das war keine Glanzleistung, zu einem\/einer erfahrenen AgentIn ist es noch ein weiter Weg.Weltensammler PraktikantIn Das scheint nicht der richtige [&hellip;]<\/p>\n","protected":false},"author":5,"featured_media":0,"parent":539,"menu_order":0,"comment_status":"closed","ping_status":"closed","template":"","meta":{"_et_pb_use_builder":"on","_et_pb_old_content":"<!-- wp:paragraph -->\n<p>Dies ist eine Beispiel-Seite. Sie unterscheidet sich von Beitr\u00e4gen, da sie stets an derselben Stelle bleibt und (bei den meisten Themes) in der Website-Navigation angezeigt wird. Die meisten starten mit einem Impressum, der Datenschutzerkl\u00e4rung oder einer \u201e\u00dcber&nbsp;uns\u201c-Seite, um sich potenziellen Besuchern der Website vorzustellen. Dort k\u00f6nnte zum Beispiel stehen:<\/p>\n<!-- \/wp:paragraph -->\n\n<!-- wp:quote -->\n<blockquote class=\"wp-block-quote\"><p>Hallo! Tags\u00fcber arbeite ich als Fahrradkurier, nachts bin ich ein aufstrebender Schauspieler und dies hier ist meine Website. Ich lebe in Berlin, habe einen gro\u00dfen Hund namens Jack, mag Pi\u00f1a Coladas, jedoch weniger (ohne Schirm) im Regen stehen gelassen zu werden.<\/p><\/blockquote>\n<!-- \/wp:quote -->\n\n<!-- wp:paragraph -->\n<p>...oder so etwas wie das hier:<\/p>\n<!-- \/wp:paragraph -->\n\n<!-- wp:quote -->\n<blockquote class=\"wp-block-quote\"><p>Das Unternehmen XYZ wurde 1971 gegr\u00fcndet und versorgt die \u00d6ffentlichkeit seither mit qualitativ hochwertigen Produkten. An seinem Standort in einer kleinen Gro\u00dfstadt besch\u00e4ftigt der Betrieb \u00fcber 2.000 Menschen und unterst\u00fctzt die Stadtbewohner in vielfacher Hinsicht.<\/p><\/blockquote>\n<!-- \/wp:quote -->\n\n<!-- wp:paragraph -->\n<p>Als neuer WordPress-Benutzer solltest du <a href=\"https:\/\/hugendubel-weltensammler.de\/wp-admin\/\">dein Dashboard<\/a> aufrufen, um diese Seite zu l\u00f6schen und neue Seiten und Beitr\u00e4ge f\u00fcr deine Website erstellen. Viel Spa\u00df!<\/p>\n<!-- \/wp:paragraph -->","_et_gb_content_width":"","inline_featured_image":false,"_monsterinsights_skip_tracking":false,"_monsterinsights_sitenote_active":false,"_monsterinsights_sitenote_note":"","_monsterinsights_sitenote_category":0,"footnotes":""},"class_list":["post-1259","page","type-page","status-publish","hentry"],"_links":{"self":[{"href":"https:\/\/hugendubel-weltensammler.de\/index.php?rest_route=\/wp\/v2\/pages\/1259","targetHints":{"allow":["GET"]}}],"collection":[{"href":"https:\/\/hugendubel-weltensammler.de\/index.php?rest_route=\/wp\/v2\/pages"}],"about":[{"href":"https:\/\/hugendubel-weltensammler.de\/index.php?rest_route=\/wp\/v2\/types\/page"}],"author":[{"embeddable":true,"href":"https:\/\/hugendubel-weltensammler.de\/index.php?rest_route=\/wp\/v2\/users\/5"}],"replies":[{"embeddable":true,"href":"https:\/\/hugendubel-weltensammler.de\/index.php?rest_route=%2Fwp%2Fv2%2Fcomments&post=1259"}],"version-history":[{"count":20,"href":"https:\/\/hugendubel-weltensammler.de\/index.php?rest_route=\/wp\/v2\/pages\/1259\/revisions"}],"predecessor-version":[{"id":1703,"href":"https:\/\/hugendubel-weltensammler.de\/index.php?rest_route=\/wp\/v2\/pages\/1259\/revisions\/1703"}],"up":[{"embeddable":true,"href":"https:\/\/hugendubel-weltensammler.de\/index.php?rest_route=\/wp\/v2\/pages\/539"}],"wp:attachment":[{"href":"https:\/\/hugendubel-weltensammler.de\/index.php?rest_route=%2Fwp%2Fv2%2Fmedia&parent=1259"}],"curies":[{"name":"wp","href":"https:\/\/api.w.org\/{rel}","templated":true}]}}