{"id":352,"date":"2021-07-28T14:51:46","date_gmt":"2021-07-28T12:51:46","guid":{"rendered":"https:\/\/hugendubel-weltensammler.de\/?page_id=352"},"modified":"2021-11-26T09:25:09","modified_gmt":"2021-11-26T08:25:09","slug":"faq","status":"publish","type":"page","link":"https:\/\/hugendubel-weltensammler.de\/?page_id=352","title":{"rendered":"FAQ"},"content":{"rendered":"<p>[et_pb_section fb_built=&#8220;1&#8243; _builder_version=&#8220;4.4.1&#8243; background_image=&#8220;https:\/\/hugendubel-weltensammler.de\/wp-content\/uploads\/2021\/07\/14-Konvertiert-Kopie-scaled.jpg&#8220; min_height=&#8220;1000px&#8220;][et_pb_row _builder_version=&#8220;4.4.1&#8243;][et_pb_column type=&#8220;4_4&#8243; _builder_version=&#8220;4.4.1&#8243;][et_pb_accordion open_toggle_text_color=&#8220;#ffffff&#8220; _builder_version=&#8220;4.4.1&#8243; toggle_text_color=&#8220;#ffffff&#8220; body_text_color=&#8220;#ffffff&#8220; background_color=&#8220;rgba(0,0,0,0)&#8220; hover_enabled=&#8220;0&#8243;][et_pb_accordion_item title=&#8220;Diese Stimme\u2026 ist das Oliver P\u00f6tzsch?&#8220; open=&#8220;off&#8220; _builder_version=&#8220;4.4.1&#8243; background_color=&#8220;#000000&#8243; background_enable_color=&#8220;on&#8220; border_width_all=&#8220;0px&#8220;]<\/p>\n<p>Bei diesem Escape Room ist der Autor auch gleich der Vorleser: Oliver P\u00f6tzschs Stimme begleitet euch tats\u00e4chlich h\u00f6chstpers\u00f6nlich auf eurem Abenteuer durch den Wiener Zentralfriedhof.<\/p>\n<p>[\/et_pb_accordion_item][et_pb_accordion_item title=&#8220;Technik&#8220; _builder_version=&#8220;4.4.1&#8243; background_color=&#8220;#000000&#8243; background_enable_color=&#8220;on&#8220; border_width_all=&#8220;0px&#8220; open=&#8220;off&#8220;]<\/p>\n<p>Wir empfehlen, das Spiel ausschlie\u00dflich am Desktop-PC oder Laptop zu spielen, da einzelne Elemente nicht f\u00fcr mobile Endger\u00e4te geeignet sind. Als Browser empfehlen wir je nach Betriebssystem (Google Chrome, Firefox oder Safari).<\/p>\n<p>Vergesst nicht, den Adblocker auszuschalten, wenn ihr normalerweise einen anhabt.<\/p>\n<p>[\/et_pb_accordion_item][et_pb_accordion_item title=&#8220;Infos zum Buch und Link zur Leseprobe&#8220; _builder_version=&#8220;4.4.1&#8243; background_color=&#8220;#000000&#8243; background_enable_color=&#8220;on&#8220; hover_enabled=&#8220;0&#8243; border_width_all=&#8220;0px&#8220; open=&#8220;on&#8220;]<\/p>\n<p>Der Online Escape Room basiert auf Oliver P\u00f6tzschs neuem historischem Krimi \u201eDas Buch des Totengr\u00e4bers\u201c. Mehr Infos inklusive Leseprobe zum Buch findet ihr auf <a href=\"https:\/\/www.hugendubel.de\/de\/buch_kartoniert\/oliver_poetzsch-das_buch_des_totengraebers-39912904-produkt-details.html?searchId=2032773962%20\">hugendubel.de.<\/a><\/p>\n<p>[\/et_pb_accordion_item][et_pb_accordion_item title=&#8220;Hilfsmittel&#8220; _builder_version=&#8220;4.4.1&#8243; background_color=&#8220;#000000&#8243; background_enable_color=&#8220;on&#8220; border_width_all=&#8220;0px&#8220; open=&#8220;off&#8220;]<\/p>\n<p>Legt euch einen Block und einen Stift bereit und notiert <strong>alles<\/strong> (und wir meinen wirklich alles), was ihr f\u00fcr relevant haltet. Es k\u00f6nnte euch zu einem sp\u00e4teren Zeitpunkt hilfreich werden. In diesem Spiel k\u00f6nnen auch die Hugendubel-App und das Buch (falls vorhanden) von Vorteil sein.<\/p>\n<p>[\/et_pb_accordion_item][et_pb_accordion_item title=&#8220;Punktesystem&#8220; _builder_version=&#8220;4.4.1&#8243; background_color=&#8220;#000000&#8243; background_enable_color=&#8220;on&#8220; border_width_all=&#8220;0px&#8220; open=&#8220;off&#8220;]<\/p>\n<p><span>F\u00fcr jedes erfolgreich gel\u00f6ste R\u00e4tsel bekommt ihr Pluspunkte, die euch am Ende euren Rank als Weltensammler verraten. Beachtet, das jeder in Anspruch genommene Hinweis wertvolle Punkte kostet!\u00a0<\/span><\/p>\n<p>[\/et_pb_accordion_item][et_pb_accordion_item title=&#8220;Warnung&#8220; _builder_version=&#8220;4.4.1&#8243; background_color=&#8220;#000000&#8243; background_enable_color=&#8220;on&#8220; border_width_all=&#8220;0px&#8220; open=&#8220;off&#8220;]<\/p>\n<p>Die Geschichte spielt u.a. auf dem Wiener Zentralfriedhof. Neben einigen echten Friedhofsbilder aus Wien, gibt es weitere Elemente, die f\u00fcr einige Personen gruselig und verschreckend sein k\u00f6nnten.<\/p>\n<p>[\/et_pb_accordion_item][et_pb_accordion_item title=&#8220;L\u00f6sung vergessen? &#8220; _builder_version=&#8220;4.4.1&#8243; background_color=&#8220;#000000&#8243; background_enable_color=&#8220;on&#8220; border_width_all=&#8220;0px&#8220; open=&#8220;off&#8220;]Du musstest das Spiel unterbrechen und hast die L\u00f6sungen vergessen? Frage einfach deine Teammitglieder nach den fehlenden L\u00f6sungen.\u00a0Wenn du einen Hinweis in Anspruch nimmst, verringern sich eure Teampunkte, dass\u00a0kommt bei den Anderen nicht so gut an.[\/et_pb_accordion_item][et_pb_accordion_item title=&#8220;Wartet aufeinander&#8220; _builder_version=&#8220;4.4.1&#8243; background_color=&#8220;#000000&#8243; background_enable_color=&#8220;on&#8220; border_width_all=&#8220;0px&#8220; open=&#8220;off&#8220;]<\/p>\n<p>Ihr spielt als Team! Die Nachz\u00fcgler bekommen per PopUp immer die L\u00f6sung des aktuellen R\u00e4tsels angezeigt. Wenn eure MitspielerInnen bereits zwei-drei R\u00e4tsel weiter sind, m\u00fcssen sie euch die L\u00f6sung mitteilen. Daher ist es wichtig, dass ihr euch bei dem gleichen bzw. maximal ein R\u00e4tsel weiter befindet.<\/p>\n<p>[\/et_pb_accordion_item][et_pb_accordion_item title=&#8220;Falsches Team?&#8220; _builder_version=&#8220;4.4.1&#8243; background_color=&#8220;#000000&#8243; background_enable_color=&#8220;on&#8220; border_width_all=&#8220;0px&#8220; open=&#8220;off&#8220;]Kein Problem! Verlasse einfach das Team, dann kannst du eine neue ID eingeben und deinem Team beitreten. [\/et_pb_accordion_item][et_pb_accordion_item title=&#8220;Ihr m\u00fcsst eine Pause einlegen?&#8220; _builder_version=&#8220;4.4.1&#8243; background_color=&#8220;#000000&#8243; background_enable_color=&#8220;on&#8220; border_width_all=&#8220;0px&#8220; open=&#8220;off&#8220;]<\/p>\n<p>Kein Problem! Die Synchronisierung eures Teams bleibt so lange bestehen, bis ihr das Team aktiv verlasst. Ihr k\u00f6nnt sogar den Broswer oder das Fenster schlie\u00dfen. Doch bedenkt, dass ihr dann die L\u00f6sungen erneut eingeben m\u00fcsst.<\/p>\n<p> Der Punktestand des gesamten Teams bleibt davon unber\u00fchrt.<\/p>\n<p>[\/et_pb_accordion_item][et_pb_accordion_item title=&#8220;Fehler! Falsche L\u00f6sung?`&#8220; _builder_version=&#8220;4.4.1&#8243; background_color=&#8220;#000000&#8243; background_enable_color=&#8220;on&#8220; border_width_all=&#8220;0px&#8220; open=&#8220;off&#8220;]<\/p>\n<p>In seltenen F\u00e4llen kommt es vereinzelt (z.B. bei veralteten Browsern oder eingeschaltenen Add Blockern) dazu, dass falsche L\u00f6sungen bei Team-Mitgliedern als richtig angezeigt werden. Bitte beachtet, dass die L\u00f6sung nur korrekt ist, wenn euch &#8211; nach Eingabe der L\u00f6sung &#8211; ein roter &#8222;Weiter&#8220; Button angezeigt wird.\u00a0<\/p>\n<p>[\/et_pb_accordion_item][et_pb_accordion_item title=&#8220;Browser-Cache&#8220; _builder_version=&#8220;4.4.1&#8243; background_color=&#8220;#000000&#8243; background_enable_color=&#8220;on&#8220; border_width_all=&#8220;0px&#8220; open=&#8220;off&#8220;]<\/p>\n<p>Sobald du den Cache deines Browsers l\u00f6scht, geht die Verkn\u00fcpfung mit deinem Team verloren. Du musst dem Team dann erneut beitreten oder ein neues Team erstellen.\u00a0<\/p>\n<p>[\/et_pb_accordion_item][et_pb_accordion_item title=&#8220;Support bei Problemen&#8220; _builder_version=&#8220;4.4.1&#8243; background_color=&#8220;#000000&#8243; background_enable_color=&#8220;on&#8220; border_width_all=&#8220;0px&#8220; open=&#8220;off&#8220;]<\/p>\n<p>Bei Fragen oder Problemen wendet euch bitte per Mail an:<span style=\"color: #ff0000;\"><a href=\"mailto:events@hugendubel.de\" style=\"color: #ff0000;\"> events@hugendubel.de.<br \/><\/a><\/span>Der Support antwortet innerhalb von zwei Werktagen.\u00a0<\/p>\n<p>[\/et_pb_accordion_item][\/et_pb_accordion][\/et_pb_column][\/et_pb_row][\/et_pb_section]<\/p>\n","protected":false},"excerpt":{"rendered":"<p>Bei diesem Escape Room ist der Autor auch gleich der Vorleser: Oliver P\u00f6tzschs Stimme begleitet euch tats\u00e4chlich h\u00f6chstpers\u00f6nlich auf eurem Abenteuer durch den Wiener Zentralfriedhof.Wir empfehlen, das Spiel ausschlie\u00dflich am Desktop-PC oder Laptop zu spielen, da einzelne Elemente nicht f\u00fcr mobile Endger\u00e4te geeignet sind. Als Browser empfehlen wir je nach Betriebssystem (Google Chrome, Firefox oder [&hellip;]<\/p>\n","protected":false},"author":5,"featured_media":0,"parent":539,"menu_order":0,"comment_status":"closed","ping_status":"closed","template":"","meta":{"_et_pb_use_builder":"on","_et_pb_old_content":"","_et_gb_content_width":"","inline_featured_image":false,"_monsterinsights_skip_tracking":false,"_monsterinsights_sitenote_active":false,"_monsterinsights_sitenote_note":"","_monsterinsights_sitenote_category":0,"footnotes":""},"class_list":["post-352","page","type-page","status-publish","hentry"],"_links":{"self":[{"href":"https:\/\/hugendubel-weltensammler.de\/index.php?rest_route=\/wp\/v2\/pages\/352","targetHints":{"allow":["GET"]}}],"collection":[{"href":"https:\/\/hugendubel-weltensammler.de\/index.php?rest_route=\/wp\/v2\/pages"}],"about":[{"href":"https:\/\/hugendubel-weltensammler.de\/index.php?rest_route=\/wp\/v2\/types\/page"}],"author":[{"embeddable":true,"href":"https:\/\/hugendubel-weltensammler.de\/index.php?rest_route=\/wp\/v2\/users\/5"}],"replies":[{"embeddable":true,"href":"https:\/\/hugendubel-weltensammler.de\/index.php?rest_route=%2Fwp%2Fv2%2Fcomments&post=352"}],"version-history":[{"count":22,"href":"https:\/\/hugendubel-weltensammler.de\/index.php?rest_route=\/wp\/v2\/pages\/352\/revisions"}],"predecessor-version":[{"id":1699,"href":"https:\/\/hugendubel-weltensammler.de\/index.php?rest_route=\/wp\/v2\/pages\/352\/revisions\/1699"}],"up":[{"embeddable":true,"href":"https:\/\/hugendubel-weltensammler.de\/index.php?rest_route=\/wp\/v2\/pages\/539"}],"wp:attachment":[{"href":"https:\/\/hugendubel-weltensammler.de\/index.php?rest_route=%2Fwp%2Fv2%2Fmedia&parent=352"}],"curies":[{"name":"wp","href":"https:\/\/api.w.org\/{rel}","templated":true}]}}